te the remainder when 444739 is divided by 148139.
322
Calculate the remainder when 106513 is divided by 3377.
1826
Calculate the remainder when 62683 is divided by 15517.
615
Calculate the remainder when 87594 is divided by 138.
102
Calculate the remainder when 107583 is divided by 34572.
3867
Calculate the remainder when 755906 is divided by 409.
74
Calculate the remainder when 44478841 is divided by 2562.
2521
Calculate the remainder when 857544 is divided by 50413.
523
What is the remainder when 19208891 is divided by 1699?
1696
Calculate the remainder when 7563557 is divided by 8.
5
Calculate the remainder when 404258 is divided by 29.
27
Calculate the remainder when 164235804 is divided by 1088.
28
What is the remainder when 16519972 is divided by 2753325?
22
What is the remainder when 420896 is divided by 112?
0
What is the remainder when 2572698 is divided by 74?
14
What is the remainder when 146518 is divided by 14573?
788
Calculate the remainder when 62168094 is divided by 46153.
3
Calculate the remainder when 17833 is divided by 1371.
10
Calculate the remainder when 14050 is divided by 290.
130
What is the remainder when 33431 is divided by 1194?
1193
What is the remainder when 14965020 is divided by 279?
18
What is the remainder when 2397242 is divided by 5?
2
Calculate the remainder when 2839842 is divided by 92.
78
Calculate the remainder when 2668978 is divided by 10762.
2
What is the remainder when 3128607 is divided by 684?
675
Calculate the remainder when 45325 is divided by 1585.
945
Calculate the remainder when 103680 is divided by 5846.
4298
What is the remainder when 3177463 is divided by 4?
3
Calculate the remainder when 17187 is divided by 2116.
259
Calculate the remainder when 1505271 is divided by 88530.
261
What is the remainder when 298209 is divided by 228?
213
Calculate the remainder when 415999 is divided by 138453.
640
Calculate the remainder when 27774574 is divided by 24.
22
What is the remainder when 1927328 is divided by 862?
758
What is the remainder when 114528 is divided by 10411?
7
Calculate the remainder when 6057251 is divided by 3367.
18
What is the remainder when 398407 is divided by 4579?
34
What is the remainder when 337996 is divided by 3315?
3181
Calculate the remainder when 2269304 is divided by 90723.
1229
Calculate the remainder when 40181 is divided by 33436.
6745
Calculate the remainder when 141399968 is divided by 2862.
2858
Calculate the remainder when 1012497 is divided by 25961.
18
Calculate the remainder when 896252 is divided by 149365.
62
What is the remainder when 989040 is divided by 141290?
10
Calculate the remainder when 2680544 is divided by 1340193.
158
What is the remainder when 90970 is divided by 1236?
742
Calculate the remainder when 45978 is divided by 37.
24
What is the remainder when 2990837 is divided by 65015?
147
Calculate the remainder when 2944719 is divided by 50.
19
What is the remainder when 327033 is divided by 108693?
954
Calculate the remainder when 2440964 is divided by 55.
9
Calculate the remainder when 25687319 is divided by 882.
833
What is the remainder when 5458275 is divided by 134?
53
What is the remainder when 518631 is divided by 1673?
1
Calculate the remainder when 58538 is divided by 4826.
626
What is the remainder when 207710 is divided by 7289?
3618
What is the remainder when 1756274 is divided by 117?
104
Calculate the remainder when 21965 is divided by 1222.
1191
Calculate the remainder when 123767785 is divided by 34.
33
What is the remainder when 31896309 is divided by 24?
21
Calculate the remainder when 548777 is divided by 2144.
2057
Calculate the remainder when 2714958 is divided by 904980.
18
Calculate the remainder when 4004 is divided by 1834.
336
Calculate the remainder when 60713 is divided by 28736.
3241
Calculate the remainder when 142648 is divided by 23725.
298
What is the remainder when 40639379 is divided by 104?
27
Calculate the remainder when 116518 is divided by 6820.
578
Calculate the remainder when 1435686 is divided by 665.
616
Calculate the remainder when 16989442 is divided by 5930.
5922
What is the remainder when 2162235 is divided by 39?
36
Calculate the remainder when 3472080 is divided by 586.
30
What is the remainder when 146774 is divided by 18342?
38
What is the remainder when 26571 is divided by 2414?
17
Calculate the remainder when 11685222 is divided by 8229.
42
What is the remainder when 3663803 is divided by 4393?
41
What is the remainder when 27061 is divided by 643?
55
Calculate the remainder when 483551 is divided by 1149.
971
Calculate the remainder when 637884 is divided by 296.
4
What is the remainder when 18152699 is divided by 2745?
14
What is the remainder when 17192 is divided by 17128?
64
Calculate the remainder when 2937389 is divided by 84.
77
What is the remainder when 38142 is divided by 4224?
126
Calculate the remainder when 1938157 is divided by 1938154.
3
What is the remainder when 259010 is divided by 3650?
3510
What is the remainder when 7296 is divided by 7221?
75
Calculate the remainder when 10053 is divided by 405.
333
Calculate the remainder when 3962175 is divided by 67.
63
What is the remainder when 73628122 is divided by 350?
22
What is the remainder when 502634 is divided by 2792?
74
Calculate the remainder when 29697624 is divided by 3.
0
Calculate the remainder when 531424 is divided by 515.
459
What is the remainder when 357923 is divided by 335?
143
What is the remainder when 552207 is divided by 2655?
2622
Calculate the remainder when 5256125 is divided by 917.
798
Calculate the remainder when 2006289 is divided by 1605.
39
Calculate the remainder when 455902 is divided by 1166.
1162
Calculate the remainder when 6886066 is divided by 2026.
1718
What is the remainder when 56979 is divided by 48528?
8451
What is the remainder when 418835021 is divided by 1575?
1571
What is the remainder when 366877 is divided by 15184?
2461
Calculate the remainder when 708869 is divided by 570.
359
What is the remainder when 4158639 is divided by 2270?
2269
What is the remainder when 27470339 is divided by 36?
35
What is the remainder when 228435 is divided by 1493?
6
Calculate the remainder when 8712379 is divided by 653.
53
Calculate the remainder when 67927 is divided by 66980.
947
What is the remainder when 327100 is divided by 5057?
3452
What is the remainder when 56687522 is divided by 726?
716
What is the remainder when 5273222 is divided by 5?
2
What is the remainder when 163311159 is divided by 602?
599
What is the remainder when 1376851 is divided by 1262?
9
What is the remainder when 199726 is divided by 199555?
171
What is the remainder when 1192995 is divided by 298223?
103
What is the remainder when 805034 is divided by 4?
2
Calculate the remainder when 33225422 is divided by 23.
13
What is the remainder when 195836 is divided by 11439?
1373
What is the remainder when 153275 is divided by 153223?
52
What is the remainder when 45959 is divided by 275?
34
What is the remainder when 44308 is divided by 15476?
13356
Calculate the remainder when 30458 is divided by 525.
8
Calculate the remainder when 23391585 is divided by 13.
9
Calculate the remainder when 20433185 is divided by 372.
341
What is the remainder when 12773509 is divided by 297058?
15
Calculate the remainder when 100782778 is divided by 72.
58
Calculate the remainder when 3059150 is divided by 10.
0
What is the remainder when 2183019 is divided by 363835?
9
Calculate the remainder when 8742733 is divided by 53309.
57
What is the remainder when 48077498 is divided by 16025830?
8
Calculate the remainder when 332208094 is divided by 264.
262
What is the remainder when 28971585 is divided by 4828596?
9
Calculate the remainder when 13290145 is divided by 4020.
25
Calculate the remainder when 1423226 is divided by 56929.
1
Calculate the remainder when 4963360 is divided by 150.
10
Calculate the remainder when 3169475 is divided by 62146.
29
What is the remainder when 217196 is divided by 1768?
1500
What is the remainder when 1125417 is divided by 1982?
1623
What is the remainder when 1199751 is divided by 2409?
69
What is the remainder when 72278649 is divided by 24?
9
Calculate the remainder when 412269 is divided by 272.
1